 the highest common factor of 6 and k?
1
Suppose 26 - 5 = h. Let m = h + -9. Let i be (-30 - 0)*18/(-5). What is the highest common factor of m and i?
12
Let c(s) = -4*s**3 - 52*s**2 - 142*s + 7. Let h be c(-13). Calculate the greatest common divisor of h and 221.
17
Let g(b) = 7*b**3 + 8*b**2 - 55*b + 157. Let f be g(4). What is the greatest common divisor of 216 and f?
27
Let y be (16/(-8))/((-2)/(-483)). Let p = 676 + y. Suppose -9*a - 13 = -p. Calculate the greatest common divisor of a and 50.
10
Let s be (-238)/(-170) + 1266/10. What is the greatest common divisor of s and 1184?
32
Suppose -4*i + 168 = -0*i. Suppose 15*x = 9*x - 462. Let t = x - -105. Calculate the greatest common factor of t and i.
14
Let b(m) = 2*m**2 - 3*m + 5. Let r be b(6). Suppose n = -q + 109 + 178, -q = 5*n - 255. What is the highest common divisor of q and r?
59
Suppose 9 = -2*q - 21. Let v be (-78)/8*(q/(-9) - 3). Calculate the greatest common factor of v and 1.
1
Let m be ((-28)/(-2) - (29 - 23)) + 76. What is the greatest common factor of 1134 and m?
42
Let q = 41 - 29. Suppose q = -5*p + 2. Let v be 1/p + (-45)/(-6). What is the highest common divisor of v and 7?
7
Suppose -2*g + 38 = c, 2*g - 145 = 6*c - 401. What is the highest common divisor of c and 4242?
42
Suppose 5*t = -56*n + 60*n - 333, 0 = -5*n - 5*t + 495. Suppose -5 = 3*j + 2*j, 5*b - 117 = 2*j. What is the greatest common divisor of n and b?
23
Suppose 3*h + 2*k - 484 = 0, -10*h - 792 = -15*h + 4*k. Let q be ((-40)/(-14))/((-108)/(-21) + -5). Calculate the highest common factor of q and h.
20
Let j be 1/2 + 1 - 2066/(-4). Suppose -j = -2*h - 4*g, 5*g - 10*g = -5*h + 1250. Calculate the highest common divisor of h and 46.
23
Let z be (42/45)/(1/70)*(-12)/(-8). What is the highest common divisor of 833 and z?
49
Let i = -15220 - -15228. Suppose 2834 = 5*h + 474. What is the highest common divisor of i and h?
8
Let i be 0 + -2 - (-40)/4. Let w be i - (-3 - 1/(1/(-6))). Let a = w - -7. Calculate the highest common factor of 3 and a.
3
Let m be -4*(-5)/60*(15 + 0). Let k(p) = 4*p**2 + 18*p - 67. Let s be k(m). Calculate the highest common factor of s and 205.
41
Suppose -f - 5*k + 6 = 0, 2*f = f - 4*k + 7. Let y(i) = -12*i - 18 + 18*i - f*i. Let s be y(-10). What is the greatest common divisor of 48 and s?
16
Suppose 211 = -5*w + 61. Suppose 2*f + 2*f + 32 = l, -4*f + 2*l - 28 = 0. Let t = f - w. What is the greatest common divisor of t and 42?
21
Suppose -797 = 2*g + 269. Let q = -364 - g. Suppose q = -4*h + 17*h. What is the greatest common divisor of 13 and h?
13
Suppose 6 = 10*b - 8*b. Suppose -2*u = -g - b*g + 222, -3*u + 227 = 4*g. Let x be g/(-4)*(-3)/(3/11). What is the highest common divisor of x and 14?
14
Let x(z) = -33*z - 250. Let s(y) = 11*y + 84. Let l(a) = 17*s(a) + 6*x(a). Let u be l(-40). What is the highest common divisor of 69 and u?
23
Suppose 68*o = -4469 + 11609. Let t(x) = 25*x + 70. Let w be t(5). Calculate the greatest common divisor of w and o.
15
Suppose 32693 = 34*g + 29021. Calculate the greatest common divisor of 108 and g.
108
Suppose -1 - 3 = -d, -3*l - 2*d = -47. Let p(n) = 33*n + 234. Let k be p(-25). Let t = k + 656. What is the greatest common factor of t and l?
13
Let b = -620 + 653. Let i = -27 - -29. Let v be 6 + (i - 5) + 0. Calculate the greatest common divisor of v and b.
3
Let n(p) = p**3 + 5*p**2 + 7*p + 8. Let j be n(-3). Suppose 7159 = j*f + 2179. Calculate the highest common factor of 12 and f.
12
Suppose 5*i + 159 = 25*q - 22*q, 0 = -12*i - 36. Calculate the greatest common factor of q and 360.
24
Let t be -5 + (0 - -4) - ((-12)/6 - 670). What is the greatest common divisor of t and 143?
11
Suppose f + 3*t = 675, 99*f + 679 = 100*f + 4*t. Suppose -3*v + 122 = 5*z, 0*v - 5*v + 2*z = -193. Calculate the greatest common factor of f and v.
39
Let z = 15823 - 15719. What is the highest common divisor of z and 2496?
104
Let w(d) = -4*d**3 + 36*d**2 - 2*d - 34. Let b be w(-4). Calculate the greatest common divisor of 186 and b.
62
Let n be ((-99)/(-6))/(1/2). Let g(u) = 25*u**2 + 13*u + 23. Let j be g(-3). What is the greatest common divisor of j and n?
11
Let y(a) = -14*a + 2. Let p be y(-2). Let s = -952 - -642. Let d = s - -322. Calculate the greatest common divisor of d and p.
6
Let d(s) = -72*s. Let x be d(-3). Let z(g) = g**3 - 13*g**2 - 11*g - 14. Let w be z(14). Suppose w - 1 = b. Calculate the highest common divisor of b and x.
27
Let b(l) = -309*l - 1849. Let i be b(-6). Calculate the highest common divisor of i and 215.
5
Let y be 1166/(-99) + (-4)/18. Let p be (3/((-12)/(-22)))/((-2)/y). Calculate the highest common factor of p and 231.
33
Suppose 0 = -9*p + 13*p - s - 386, p = 5*s + 87. Suppose -215 = -13*g + p. Calculate the greatest common divisor of g and 6.
6
Suppose -10 = 36*n - 31*n, 5*t - 3*n = 166. Calculate the greatest common divisor of 104 and t.
8
Let y be 10/45*-3*-3 - -889. Let n(q) = 9*q**2 + 6*q - 4. Let h be n(1). Calculate the greatest common divisor of y and h.
11
Let i(r) = -2*r**3 + 17*r**2 - 22*r - 87. Let x be i(-8). What is the greatest common factor of 71 and x?
71
Let s(i) = i**3 + 32*i**2 - 5*i + 22828. Let d be s(0). Calculate the highest common divisor of d and 104.
52
Suppose -18*t = -34315 - 247151. What is the greatest common factor of t and 19?
19
Suppose 0 = -5*b - 3*z + 31409, -b = -74*z + 88*z - 6322. Calculate the highest common factor of b and 40.
40
Let y(h) be the third derivative of -3*h**4/2 + 3*h**2. Let q be y(-2). Let x be 36*11*6/132. Calculate the highest common divisor of q and x.
18
Let u = 18446 - 18413. Let i(x) = -5*x**2 - x - 8 + 3*x**2 + 3*x**2. Let n be i(6). Calculate the highest common divisor of n and u.
11
Let s(r) = -24*r - 11. Let v(o) = 145*o + 65. Let y(i) = 25*s(i) + 4*v(i). Let h be y(-3). What is the highest common divisor of h and 27?
9
Suppose 13*v - 3707 - 4938 = 0. Let j = v + -567. Calculate the highest common divisor of 70 and j.
14
Let o be -6*(99/54 + -6). Suppose o*p = 568 + 2632. Calculate the highest common divisor of p and 48.
16
Let s be (6/126*-7)/((-1)/303). Calculate the greatest common divisor of 101 and s.
101
Let s = 60 - 34. Suppose 2*y + s = 2*i, -57 = -2*i + 4*y - 21. Suppose o + 8 = 2*z, 0 = 3*o + 22*z - 19*z - 21. Calculate the highest common divisor of o and i.
2
Let l be (30/(-4))/((-3)/6). Let f = 1152 - 957. What is the highest common factor of f and l?
15
Let s(q) = q**3 + 14*q**2 - 6*q - 15. Let p be s(-14). Let f be p/(-207) + (-68)/(-6). Calculate the greatest common factor of f and 473.
11
Let v(m) = -11*m + 1. Let t be v(-13). Suppose -3*f + t = 6*f. Calculate the highest common divisor of 64 and f.
16
Suppose -3*s + 3262 = q, 3*s - 6*s + q = -3266. Let r = s + -763. What is the greatest common divisor of 50 and r?
25
Let q be -3 - ((-22)/2 - 3). Let t be (1 + (-51)/(-9))/(36/486). Let g = t - -31. Calculate the greatest common factor of g and q.
11
Suppose 27 - 6 = 3*n. Suppose -5*t + 75 = -5*w, 2 = w + n. Calculate the highest common divisor of 25 and t.
5
Let w(n) = 274*n**3 + n + 8. Let q be w(3). What is the greatest common factor of q and 31?
31
Let q(x) = -2*x**2 + 17*x + 9. Let g be q(8). Suppose 5*r + 64 = 5*k - 31, k + r - g = 0. Calculate the highest common divisor of 414 and k.
18
Let n(d) = -d**2 - 17*d + 118. Let q be n(5). Suppose q*l + 83 - 163 = 0. Let r = -1 + 3. Calculate the greatest common divisor of l and r.
2
Let f(y) = -y**3 + 16*y**2 - 40*y + 18. Let h be f(13). Suppose -9280 = -25*r + h*r. What is the greatest common divisor of r and 16?
16
Suppose 5*d + 12*j - 15*j = 33664, 5*j = -40. Calculate the highest common factor of 928 and d.
232
Let u = 285 - 280. Suppose u*y = 3*s - 46, 0 = s - 0*s + 2*y - 30. What is the greatest common factor of s and 66?
22
Let n(i) = i + 133 - 33 - 40. Let f be n(-10). Calculate the highest common divisor of f and 25.
25
Suppose -53*l = -52*l - 3. Suppose 3*v - 7 = 11. Calculate the greatest common factor of v and l.
3
Suppose 0 = 2*r + x - 3*x + 102, 5*x = r + 59. Let b be 6/(-2) - r - (-22)/(-11). Calculate the highest common divisor of 1672 and b.
44
Let c = 497 + -494. Suppose -5*v + 3*a = -131, -c*v + 3*a + 81 = 2*a. Calculate the highest common factor of 21 and v.
7
Suppose -2*m - 